8 is divided by 662?
100
What is the remainder when 88184 is divided by 73?
0
What is the remainder when 164822 is divided by 117?
86
Calculate the remainder when 64816283 is divided by 13.
12
Calculate the remainder when 34371097 is divided by 11457032.
1
Calculate the remainder when 10096800 is divided by 39287.
41
What is the remainder when 2029158 is divided by 203?
173
Calculate the remainder when 1072312 is divided by 423.
7
Calculate the remainder when 14449615 is divided by 722478.
55
Calculate the remainder when 1243573 is divided by 1934.
11
What is the remainder when 1363956 is divided by 430?
426
Calculate the remainder when 19704046 is divided by 74.
66
What is the remainder when 380105 is divided by 309?
35
Calculate the remainder when 354411 is divided by 225.
36
What is the remainder when 7338 is divided by 1981?
1395
Calculate the remainder when 5248182 is divided by 19954.
280
Calculate the remainder when 150137 is divided by 1297.
982
What is the remainder when 13298477 is divided by 1708?
1697
What is the remainder when 3937822 is divided by 56254?
42
What is the remainder when 499849106 is divided by 151?
148
Calculate the remainder when 142990586 is divided by 1597.
1594
What is the remainder when 33481 is divided by 690?
361
Calculate the remainder when 77930 is divided by 1026.
980
What is the remainder when 4127 is divided by 143?
123
Calculate the remainder when 492631 is divided by 37884.
139
Calculate the remainder when 257945 is divided by 4168.
3697
What is the remainder when 848411 is divided by 33?
14
What is the remainder when 485192 is divided by 80863?
14
Calculate the remainder when 2380202 is divided by 27.
17
What is the remainder when 108769392 is divided by 17?
9
What is the remainder when 441169 is divided by 27548?
401
What is the remainder when 9219916 is divided by 7?
6
What is the remainder when 69092587 is divided by 23030858?
13
What is the remainder when 279363 is divided by 93082?
117
What is the remainder when 59981374 is divided by 3433?
3431
Calculate the remainder when 1653580 is divided by 42399.
19
Calculate the remainder when 401733 is divided by 589.
35
What is the remainder when 79921552 is divided by 1048?
24
What is the remainder when 9203845 is divided by 9203836?
9
What is the remainder when 5002667 is divided by 15731?
209
What is the remainder when 2788939 is divided by 1394341?
257
Calculate the remainder when 478043 is divided by 96.
59
What is the remainder when 53771 is divided by 983?
689
What is the remainder when 194427 is divided by 64129?
2040
Calculate the remainder when 6911356 is divided by 24081.
109
What is the remainder when 166350102 is divided by 12?
6
Calculate the remainder when 677830 is divided by 677814.
16
What is the remainder when 14081019 is divided by 101?
3
What is the remainder when 111576 is divided by 37135?
171
What is the remainder when 613953 is divided by 204558?
279
What is the remainder when 1424528 is divided by 360?
8
What is the remainder when 9013983 is divided by 819453?
0
Calculate the remainder when 2779974 is divided by 1012.
10
Calculate the remainder when 7349246 is divided by 156366.
44
What is the remainder when 20020081 is divided by 834169?
25
Calculate the remainder when 100250 is divided by 7710.
20
What is the remainder when 73302 is divided by 7?
5
Calculate the remainder when 4474639 is divided by 406783.
26
Calculate the remainder when 39659 is divided by 3133.
2063
Calculate the remainder when 36834954 is divided by 5.
4
Calculate the remainder when 240646 is divided by 240454.
192
Calculate the remainder when 1080058 is divided by 215997.
73
What is the remainder when 14013011 is divided by 490?
481
Calculate the remainder when 1626782 is divided by 7361.
1
What is the remainder when 52526 is divided by 5935?
5046
What is the remainder when 34969 is divided by 11614?
127
Calculate the remainder when 29236533 is divided by 294.
291
What is the remainder when 116511780 is divided by 62?
16
Calculate the remainder when 60289365 is divided by 2311.
2308
What is the remainder when 4015921 is divided by 602?
581
Calculate the remainder when 26497779 is divided by 74.
7
What is the remainder when 214933 is divided by 4?
1
Calculate the remainder when 33375489 is divided by 351.
303
Calculate the remainder when 1484496 is divided by 1556.
72
Calculate the remainder when 3159976 is divided by 394988.
72
What is the remainder when 355833 is divided by 3179?
2964
Calculate the remainder when 3282030 is divided by 31.
29
Calculate the remainder when 56546 is divided by 1951.
1918
What is the remainder when 8658034 is divided by 176?
66
What is the remainder when 117551195 is divided by 3151?
3140
Calculate the remainder when 184499 is divided by 382.
375
Calculate the remainder when 461598719 is divided by 51.
14
Calculate the remainder when 6650261 is divided by 2088.
2069
Calculate the remainder when 2500275447 is divided by 7.
5
What is the remainder when 268752 is divided by 268524?
228
Calculate the remainder when 3958239 is divided by 865.
864
What is the remainder when 141416 is divided by 28276?
36
What is the remainder when 20758466 is divided by 982?
950
Calculate the remainder when 2270976 is divided by 1294.
6
What is the remainder when 6316199 is divided by 58?
57
What is the remainder when 358688724 is divided by 2238?
2226
What is the remainder when 887322 is divided by 98587?
39
What is the remainder when 514553 is divided by 170676?
2525
What is the remainder when 4773182 is divided by 228?
2
What is the remainder when 6473076 is divided by 294230?
16
Calculate the remainder when 120593 is divided by 1505.
193
Calculate the remainder when 90054224 is divided by 5853.
5819
What is the remainder when 10055443 is divided by 934?
933
Calculate the remainder when 304158 is divided by 126.
120
Calculate the remainder when 24894850 is divided by 1011.
997
Calculate the remainder when 3355403 is divided by 838849.
7
Calculate the remainder when 33857522 is divided by 5876.
10
What is the remainder when 33776 is divided by 8113?
1324
Calculate the remainder when 18893 is divided by 3416.
1813
Calculate the remainder when 9196200 is divided by 521.
29
What is the remainder when 74321558 is divided by 7465?
18
What is the remainder when 181634 is divided by 1294?
474
What is the remainder when 714575 is divided by 142911?
20
What is the remainder when 12776971 is divided by 473221?
4
Calculate the remainder when 1272972 is divided by 4133.
8
Calculate the remainder when 197633681 is divided by 90.
71
What is the remainder when 86720939 is divided by 19?
18
Calculate the remainder when 6803189 is divided by 194.
191
Calculate the remainder when 388438 is divided by 24273.
70
Calculate the remainder when 40860225 is divided by 5582.
5567
What is the remainder when 38308 is divided by 277?
82
What is the remainder when 1621552 is divided by 203?
191
What is the remainder when 569585 is divided by 583?
577
Calculate the remainder when 184858543 is divided by 127.
10
What is the remainder when 1804756 is divided by 57?
22
What is the remainder when 104535515 is divided by 147026?
29
What is the remainder when 2172055 is divided by 68?
67
Calculate the remainder when 212597365 is divided by 30371052.
1
What is the remainder when 12832941 is divided by 802057?
29
Calculate the remainder when 3393643 is divided by 1610.
1373
Calculate the remainder when 3086402 is divided by 1897.
1880
What is the remainder when 3205196 is divided by 981?
269
Calculate the remainder when 977785 is divided by 39111.
10
Calculate the remainder when 2509250 is divided by 551.
547
What is the remainder when 5393 is divided by 1411?
1160
Calculate the remainder when 12586420 is divided by 41132.
28
What is the remainder when 49124 is divided by 3277?
3246
What is the remainder when 23931 is divided by 740?
251
What is the remainder when 379054 is divided by 584?
38
Calculate the remainder when 13943 is divided by 28.
27
What is the remainder when 484960 is divided by 90?
40
What is the remainder when 1426818 is divided by 1434?
1422
What is the remainder when 665087 is divided by 1352?
1255
What is the remainder when 41339 is divided by 73?
21
What is t